alse
Is 105 a factor of 4563?
False
Does 8 divide 7720?
True
Is 1134 a multiple of 27?
True
Is 25 a factor of 3681?
False
Does 27 divide 1512?
True
Is 34 a factor of 680?
True
Does 26 divide 35750?
True
Does 29 divide 445?
False
Does 150 divide 2100?
True
Does 12 divide 144?
True
Is 308 a multiple of 3?
False
Is 79 a multiple of 2?
False
Is 32838 a multiple of 10?
False
Is 1450 a multiple of 5?
True
Is 6660 a multiple of 20?
True
Is 8 a factor of 30989?
False
Is 16 a factor of 14083?
False
Is 2085 a multiple of 139?
True
Is 7735 a multiple of 32?
False
Does 57 divide 1824?
True
Is 142 a factor of 41606?
True
Does 46 divide 1242?
True
Does 15 divide 8969?
False
Does 177 divide 20001?
True
Does 4 divide 904?
True
Does 29 divide 4021?
False
Does 8 divide 1219?
False
Does 277 divide 43326?
False
Is 11 a factor of 5474?
False
Does 81 divide 2754?
True
Does 11 divide 792?
True
Does 5 divide 445?
True
Is 24 a factor of 805?
False
Does 284 divide 77421?
False
Is 6216 a multiple of 56?
True
Is 69 a multiple of 69?
True
Is 2223 a multiple of 57?
True
Is 17 a factor of 651?
False
Does 189 divide 34016?
False
Does 84 divide 50714?
False
Does 18 divide 3204?
True
Is 30112 a multiple of 8?
True
Does 13 divide 13?
True
Is 180 a factor of 23040?
True
Does 38 divide 2129?
False
Is 3861 a multiple of 27?
True
Is 3857 a multiple of 19?
True
Is 3 a factor of 2627?
False
Is 12 a factor of 20772?
True
Does 13 divide 32435?
True
Is 10 a factor of 108?
False
Is 228 a multiple of 3?
True
Does 61 divide 5124?
True
Does 9 divide 890?
False
Does 9 divide 23639?
False
Is 2622 a multiple of 23?
True
Does 25 divide 18733?
False
Is 2694 a multiple of 13?
False
Is 624 a multiple of 39?
True
Is 4662 a multiple of 14?
True
Does 15 divide 810?
True
Does 106 divide 4982?
True
Does 47 divide 12831?
True
Is 32 a factor of 2567?
False
Is 1278 a multiple of 55?
False
Is 14 a factor of 9066?
False
Does 14 divide 437?
False
Does 88 divide 62040?
True
Is 4646 a multiple of 101?
True
Does 30 divide 420?
True
Does 9 divide 14687?
False
Is 6 a factor of 2183?
False
Is 2247 a multiple of 4?
False
Is 59 a multiple of 27?
False
Does 12 divide 5952?
True
Does 30 divide 4950?
True
Does 36 divide 2980?
False
Is 4851 a multiple of 63?
True
Does 12 divide 1056?
True
Is 15 a factor of 1667?
False
Is 52170 a multiple of 73?
False
Is 102 a factor of 1358?
False
Does 10 divide 7970?
True
Does 66 divide 11154?
True
Is 3455 a multiple of 88?
False
Is 9 a factor of 27?
True
Is 89 a multiple of 89?
True
Is 28 a factor of 4404?
False
Is 16 a factor of 7084?
False
Does 7 divide 553?
True
Is 13 a factor of 1681?
False
Does 8 divide 670?
False
Does 86 divide 16340?
True
Is 72 a factor of 50204?
False
Is 104 a factor of 111349?
False
Is 4352 a multiple of 68?
True
Is 2040 a multiple of 40?
True
Is 3 a factor of 429?
True
Does 28 divide 6076?
True
Does 3 divide 19?
False
Is 44 a multiple of 3?
False
Does 17 divide 1748?
False
Is 7557 a multiple of 33?
True
Does 7 divide 1659?
True
Is 457 a multiple of 11?
False
Is 45 a factor of 3389?
False
Is 1015 a multiple of 19?
False
Is 859 a multiple of 23?
False
Does 60 divide 2280?
True
Does 171 divide 34122?
False
Does 139 divide 7506?
True
Is 372 a multiple of 4?
True
Is 24 a factor of 1632?
True
Does 33 divide 24897?
False
Does 45 divide 90?
True
Does 23 divide 2015?
False
Does 137 divide 71788?
True
Does 5 divide 4952?
False
Does 18 divide 896?
False
Is 1173 a multiple of 69?
True
Does 78 divide 7254?
True
Does 63 divide 34398?
True
Is 15 a factor of 126?
False
Is 77 a factor of 4620?
True
Is 216 a multiple of 3?
True
Is 564 a multiple of 4?
True
Is 44 a factor of 7880?
False
Is 1188 a multiple of 99?
True
Is 23 a factor of 3241?
False
Does 29 divide 69368?
True
Does 32 divide 14528?
True
Is 4070 a multiple of 7?
False
Is 5967 a multiple of 9?
True
Is 1332 a multiple of 13?
False
Does 26 divide 312?
True
Does 2 divide 45?
False
Is 28393 a multiple of 171?
False
Is 38 a factor of 3344?
True
Is 14 a factor of 530?
False
Is 390 a multiple of 5?
True
Is 453 a multiple of 5?
False
Does 50 divide 4519?
False
Does 6 divide 43?
False
Is 201 a multiple of 3?
True
Is 57 a multiple of 10?
False
Does 11 divide 2288?
True
Does 6 divide 150?
True
Is 6361 a multiple of 93?
False
Does 6 divide 3530?
False
Does 39 divide 21918?
True
Is 2 a factor of 9026?
True
Is 1200 a multiple of 60?
True
Is 35990 a multiple of 3?
False
Does 38 divide 646?
True
Does 29 divide 6090?
True
Does 9 divide 253?
False
Does 14 divide 355?
False
Does 5 divide 15519?
False
Is 5484 a multiple of 72?
False
Is 5990 a multiple of 10?
True
Is 16 a factor of 9056?
True
Is 192 a factor of 11136?
True
Does 7 divide 2037?
True
Is 12 a factor of 7247?
False
Is 90 a factor of 3330?
True
Is 1395 a multiple of 31?
True
Is 46 a factor of 598?
True
Is 8 a factor of 200?
True
Is 27261 a multiple of 7?
False
Does 4 divide 74?
False
Does 62 divide 5171?
False
Is 200 a factor of 19800?
True
Is 171 a factor of 3478?
False
Is 46 a factor of 3358?
True
Does 74 divide 15647?
False
Is 15 a factor of 60645?
True
Is 98 a factor of 28224?
True
Is 53 a factor of 20413?
False
Does 9 divide 900?
True
Does 25 divide 9175?
True
Is 314 a multiple of 157?
True
Is 676 a multiple of 24?
False
Is 62 a factor of 186?
True
Is 17 a factor of 15750?
False
Is 1583 a multiple of 15?
False
Is 4 a factor of 42?
False
Does 7 divide 518?
True
Does 18 divide 6442?
False
Does 3 divide 7006?
False
Does 66 divide 18089?
False
Is 79 a factor of 10823?
True
Is 382 a factor of 95978?
False
Is 11343 a multiple of 19?
True
Is 64351 a multiple of 20?
False
Is 43 a factor of 18951?
False
Does 66 divide 49208?
False
Is 35 a factor of 3010?
True
Is 8094 a multiple of 19?
True
Is 1595 a multiple of 85?
False
Does 27 divide 2943?
True
Does 247 divide 10127?
True
Is 113 a factor of 15779?
False
Does 136 divide 4080?
True
Is 3 a factor of 768?
True
Is 324 a multiple of 7?
False
Is 4100 a multiple of 10?
True
Is 236 even?
True
Is 2855 a multiple of 6?
False
Is 23 a factor of 7047?
False
Is 19575 a multiple of 135?
True
Is 49767 a multiple of 14?
False
Is 16080 a multiple of 12?
True
Does 167 divide 49265?
True
Is 22 a factor of 4796?
True
Is 28952 a multiple of 94?
True
Does 2 divide 11203?
False
Is 22 a factor of 69?
False
Does 78 divide 4179?
False
Does 53 divide 9600?
False
Is 2544 a multiple of 24?
True
Does 9 divide 6345?
True
Does 29 divide 181?
False
Is 1387 a multiple of 19?
True
Does 154 divide 84876?
False
Is 18812 a multiple of 33?
False
Is 5775 a multiple of 75?
True
Does 62 divide 143?
False
Is 51 a factor of 10990?
False
Does 53 divide 2491?
True
Is 16 a factor of 912?
True
Is 1417 a multiple of 13?
True
Is 103 a multiple of 30?
False
Is 182 a factor of 47556?
False
Is 7448 a multiple of 36?
False
Is 32 a factor of 2624?
True
Is 1079 a multiple of 86?
False
Is 12 a factor of 12108?
True
Is 30 a factor of 1767?
False
Is 146 a factor of 85083?
False
Is 6530 a multiple of 15?
False
Is 42 a factor of 80?
False
Does 13 divide 195?
True
Is 19 a factor of 114?
True
Is 13 a factor of 3165?
False
Does 6 divide 1020?
True
Does 42 divide 2016?
True
Does 7 divide 5971?
True
Is 21 a factor of 3381?
True
Is 960 a multiple of 22?
False
Does 68 divide 18961?
False
Does 7 divide 890?
False
Does 19 divide 21925?
False
Is 18883 a multiple of 33?
False
Is 5 a factor of 80?
True
Does 6 divide 870?
True
Is 232 a factor of 20880?
True
Is 464 a multiple of 12?
False
Is 5 a factor of 4225?
True
Does 5 divide 15?
True
Is 38157 a multiple of 11?
False
Is 32802 a multiple of 23?
False
Is 134 a factor of 11593?
False
Does 55 divide 53182?
False
Is 2 a factor of 112?
True
Is 2021 a multiple of 92?
False
Is 14 a factor of 97146?
True
Does 14 divide 16488?
False
Does 16 divide 3008?
True
Does 24 divide 791?
False
Does 5 divide 335?
True
Is 11887 a multiple of 85?
False
Does 5 divide 4188?
False
Does 31 divide 465?
True
Does 33 divide 2838?
True
Is 1723 a multiple of 103?
False
Is 121040 a multiple of 17?
True
Does 64 divide 768?
True
Is 130710 a multiple of 13?
False
Is 1089 a multiple of 7?
False
Is 14872 a multiple of 104?
True
Does 28 divide 2296?
True
Is 4090 a multiple of 38?
False
Is 4050 a multiple of 9?
True
Is 806 a multiple of 31?
True
Is 12069 a multiple of 5?
False
Is 189